{"id":3239,"date":"2024-04-15T18:19:44","date_gmt":"2024-04-15T21:19:44","guid":{"rendered":"https:\/\/corporalkinesis.com.ar\/?post_type=product&#038;p=3239"},"modified":"2024-11-05T15:09:06","modified_gmt":"2024-11-05T18:09:06","slug":"soft-de-progracion-del-entrenamiento-para-hojas-de-calculo-webinar-de-regalo","status":"publish","type":"product","link":"https:\/\/corporalkinesis.com.ar\/index.php\/producto\/soft-de-progracion-del-entrenamiento-para-hojas-de-calculo-webinar-de-regalo\/","title":{"rendered":"Soft de prograci\u00f3n del entrenamiento para Hojas de Calculo + Webinar de regalo"},"content":{"rendered":"<p>Es momento de elevar el nivel de tu planificaci\u00f3n de entrenamientos de fuerza, ya sea que trabajes de forma presencial o a distancia, con nuestra avanzada herramienta de software, &#8220;Corporal Program&#8221;, compatible con hojas de c\u00e1lculo. Con esta innovadora soluci\u00f3n, tendr\u00e1s la capacidad de analizar exhaustivamente todas las variables clave del entrenamiento y dise\u00f1ar progresiones de alta calidad.<\/p>\n<p>&#8220;Corporal Program&#8221; te ofrece una plataforma vers\u00e1til y poderosa para optimizar tus programas de entrenamiento, permiti\u00e9ndote tomar decisiones informadas y precisas en cada fase del proceso. Con una interfaz intuitiva y herramientas de an\u00e1lisis avanzadas, podr\u00e1s evaluar de manera efectiva aspectos como la carga, el volumen, la intensidad y la progresi\u00f3n, asegurando as\u00ed un enfoque integral y cient\u00edficamente respaldado.<\/p>\n<p>Ya sea que seas un entrenador experimentado o est\u00e9s dando tus primeros pasos en el mundo del fitness, &#8220;Corporal Program&#8221; te brinda la capacidad de llevar tus entrenamientos al siguiente nivel. Con caracter\u00edsticas dise\u00f1adas para facilitar la personalizaci\u00f3n y adaptaci\u00f3n de rutinas seg\u00fan las necesidades individuales de cada cliente, esta herramienta se convierte en un aliado indispensable para maximizar el rendimiento y los resultados.<\/p>\n<p><!--more--><!--more--><\/p>\n<div class=\"ast-oembed-container \" style=\"height: 100%;\"><iframe title=\"Explicaci\u00f3n del Soft Corporal Program 2.2\" width=\"500\" height=\"375\" src=\"https:\/\/www.youtube.com\/embed\/pqnj0JfjpFA?feature=oembed\" frameborder=\"0\" allow=\"accelerometer; autoplay; clipboard-write; encrypted-media; gyroscope; picture-in-picture; web-share\" referrerpolicy=\"strict-origin-when-cross-origin\" allowfullscreen><\/iframe><\/div>\n<p>&nbsp;<\/p>\n<p>No te conformes con planificaciones est\u00e1ndar. Da el paso hacia una planificaci\u00f3n de entrenamientos de fuerza de \u00e9lite con &#8220;Corporal Program&#8221;. \u00a1Descubre hoy mismo c\u00f3mo esta innovadora herramienta puede transformar tu enfoque de entrenamiento y llevar tu pr\u00e1ctica al m\u00e1s alto nivel!<\/p>\n<p>Corporal Program incluye graficos, analisis de series, kilajes, tonelajes y muchas variables m\u00e1s explicadas en detalle en un webinar de 2 horas.<\/p>\n<p><img fetchpriority=\"high\" decoding=\"async\" class=\"alignnone wp-image-3261\" style=\"font-weight: inherit;\" src=\"http:\/\/corporalkinesis.com.ar\/wp-content\/uploads\/2024\/04\/Captura-300x93.png\" alt=\"\" width=\"407\" height=\"126\" srcset=\"https:\/\/corporalkinesis.com.ar\/wp-content\/uploads\/2024\/04\/Captura-300x93.png 300w, https:\/\/corporalkinesis.com.ar\/wp-content\/uploads\/2024\/04\/Captura-1024x317.png 1024w, https:\/\/corporalkinesis.com.ar\/wp-content\/uploads\/2024\/04\/Captura-768x238.png 768w, https:\/\/corporalkinesis.com.ar\/wp-content\/uploads\/2024\/04\/Captura-600x186.png 600w, https:\/\/corporalkinesis.com.ar\/wp-content\/uploads\/2024\/04\/Captura.png 1101w\" sizes=\"(max-width: 407px) 100vw, 407px\" \/><\/p>\n<p><img decoding=\"async\" class=\"alignnone wp-image-3241\" src=\"http:\/\/corporalkinesis.com.ar\/wp-content\/uploads\/2024\/04\/diario-300x116.png\" alt=\"\" width=\"406\" height=\"157\" srcset=\"https:\/\/corporalkinesis.com.ar\/wp-content\/uploads\/2024\/04\/diario-300x116.png 300w, https:\/\/corporalkinesis.com.ar\/wp-content\/uploads\/2024\/04\/diario-768x296.png 768w, https:\/\/corporalkinesis.com.ar\/wp-content\/uploads\/2024\/04\/diario-600x231.png 600w, https:\/\/corporalkinesis.com.ar\/wp-content\/uploads\/2024\/04\/diario.png 871w\" sizes=\"(max-width: 406px) 100vw, 406px\" \/><\/p>\n<p>Siguen<span style=\"font-size: 16px;\">os en redes p<\/span><span style=\"font-size: 16px;\">ara estar atento a otros lanzamientos: <\/span><a style=\"font-size: 16px; background-color: #ffffff;\" href=\"https:\/\/www.instagram.com\/kinesiscorporal\/\">CORPORAL KINESIS<\/a><\/p>\n<p>Si queres saber m\u00e1s sobre el mundo de la programaci\u00f3n del entrenamiento de fuerza te dejo neustro curso para que puedas ser un verdadero experto en la programaci\u00f3n del entrenamiento : <a href=\"https:\/\/corporalkinesis.com.ar\/index.php\/producto\/programacion-y-periodizacion-del-entrenamiento-de-fuerza-e-hipertrofia\/\">Curso de programaci\u00f3n con un 20% de descuento.\u00a0<\/a><\/p>\n<p>TAMBIEN PUEDES DECARGAR NUESTRA <a href=\"https:\/\/corporalkinesis.com.ar\/index.php\/producto\/plantilla-en-formato-papel-para-programar-tu-entrenamiento\/\">PLANTILLA DE FORMATO PAPEL GRATIS<\/a>:<\/p>\n<p>&nbsp;<\/p>\n<p>&nbsp;<\/p>\n","protected":false},"excerpt":{"rendered":"<p>Es momento de elevar el nivel de tu planificaci\u00f3n de entrenamientos de fuerza, ya sea que trabajes de forma presencial o a distancia, con nuestra avanzada herramienta de software, &#8220;Corporal Program&#8221;, compatible con hojas de c\u00e1lculo. Con esta innovadora soluci\u00f3n, tendr\u00e1s la capacidad de analizar exhaustivamente todas las variables clave del entrenamiento y dise\u00f1ar progresiones [&hellip;]<\/p>\n","protected":false},"featured_media":3240,"comment_status":"open","ping_status":"closed","template":"","meta":{"site-sidebar-layout":"default","site-content-layout":"default","ast-site-content-layout":"default","site-content-style":"default","site-sidebar-style":"default","ast-global-header-display":"","ast-banner-title-visibility":"","ast-main-header-display":"","ast-hfb-above-header-display":"","ast-hfb-below-header-display":"","ast-hfb-mobile-header-display":"","site-post-title":"","ast-breadcrumbs-content":"","ast-featured-img":"","footer-sml-layout":"","theme-transparent-header-meta":"default","adv-header-id-meta":"","stick-header-meta":"","header-above-stick-meta":"","header-main-stick-meta":"","header-below-stick-meta":"","astra-migrate-meta-layouts":"default","ast-page-background-enabled":"default","ast-page-background-meta":{"desktop":{"background-color":"var(--ast-global-color-4)","background-image":"","background-repeat":"repeat","background-position":"center center","background-size":"auto","background-attachment":"scroll","background-type":"","background-media":"","overlay-type":"","overlay-color":"","overlay-opacity":"","overlay-gradient":""},"tablet":{"background-color":"","background-image":"","background-repeat":"repeat","background-position":"center center","background-size":"auto","background-attachment":"scroll","background-type":"","background-media":"","overlay-type":"","overlay-color":"","overlay-opacity":"","overlay-gradient":""},"mobile":{"background-color":"","background-image":"","background-repeat":"repeat","background-position":"center center","background-size":"auto","background-attachment":"scroll","background-type":"","background-media":"","overlay-type":"","overlay-color":"","overlay-opacity":"","overlay-gradient":""}},"ast-content-background-meta":{"desktop":{"background-color":"var(--ast-global-color-5)","background-image":"","background-repeat":"repeat","background-position":"center center","background-size":"auto","background-attachment":"scroll","background-type":"","background-media":"","overlay-type":"","overlay-color":"","overlay-opacity":"","overlay-gradient":""},"tablet":{"background-color":"var(--ast-global-color-5)","background-image":"","background-repeat":"repeat","background-position":"center center","background-size":"auto","background-attachment":"scroll","background-type":"","background-media":"","overlay-type":"","overlay-color":"","overlay-opacity":"","overlay-gradient":""},"mobile":{"background-color":"var(--ast-global-color-5)","background-image":"","background-repeat":"repeat","background-position":"center center","background-size":"auto","background-attachment":"scroll","background-type":"","background-media":"","overlay-type":"","overlay-color":"","overlay-opacity":"","overlay-gradient":""}}},"product_brand":[],"product_cat":[62,63],"product_tag":[123,84,148,218,75,216,217],"class_list":{"0":"post-3239","1":"product","2":"type-product","3":"status-publish","4":"has-post-thumbnail","6":"product_cat-planillas-de-entrenamiento","7":"product_cat-webinars","8":"product_tag-ejercicio","9":"product_tag-entrenamiento","10":"product_tag-excel","11":"product_tag-fitness","12":"product_tag-fuerza","13":"product_tag-hojasdecalculo","14":"product_tag-programa","15":"desktop-align-left","16":"tablet-align-left","17":"mobile-align-left","19":"first","20":"instock","21":"downloadable","22":"virtual","23":"purchasable","24":"product-type-simple"},"_links":{"self":[{"href":"https:\/\/corporalkinesis.com.ar\/index.php\/wp-json\/wp\/v2\/product\/3239","targetHints":{"allow":["GET"]}}],"collection":[{"href":"https:\/\/corporalkinesis.com.ar\/index.php\/wp-json\/wp\/v2\/product"}],"about":[{"href":"https:\/\/corporalkinesis.com.ar\/index.php\/wp-json\/wp\/v2\/types\/product"}],"replies":[{"embeddable":true,"href":"https:\/\/corporalkinesis.com.ar\/index.php\/wp-json\/wp\/v2\/comments?post=3239"}],"wp:featuredmedia":[{"embeddable":true,"href":"https:\/\/corporalkinesis.com.ar\/index.php\/wp-json\/wp\/v2\/media\/3240"}],"wp:attachment":[{"href":"https:\/\/corporalkinesis.com.ar\/index.php\/wp-json\/wp\/v2\/media?parent=3239"}],"wp:term":[{"taxonomy":"product_brand","embeddable":true,"href":"https:\/\/corporalkinesis.com.ar\/index.php\/wp-json\/wp\/v2\/product_brand?post=3239"},{"taxonomy":"product_cat","embeddable":true,"href":"https:\/\/corporalkinesis.com.ar\/index.php\/wp-json\/wp\/v2\/product_cat?post=3239"},{"taxonomy":"product_tag","embeddable":true,"href":"https:\/\/corporalkinesis.com.ar\/index.php\/wp-json\/wp\/v2\/product_tag?post=3239"}],"curies":[{"name":"wp","href":"https:\/\/api.w.org\/{rel}","templated":true}]}}